{"id":14,"date":"2016-03-20T12:20:11","date_gmt":"2016-03-20T11:20:11","guid":{"rendered":"http:\/\/www.bbsalon.cz\/?page_id=14"},"modified":"2025-12-29T15:04:33","modified_gmt":"2025-12-29T14:04:33","slug":"cenik","status":"publish","type":"page","link":"https:\/\/www.bbsalon.cz\/?page_id=14","title":{"rendered":"Cen\u00edk"},"content":{"rendered":"<p>KADE\u0158NICTV\u00cd<\/p>\n<p>D\u00c1MSK\u00c9<\/p>\n<ol>\n<li>Foukan\u00e1\n<ul>\n<li>Kr\u00e1tk\u00e9 vlasy<strong> 38<\/strong><strong>0,-<\/strong><\/li>\n<li>Polodlouh\u00e9 vlasy <strong>500,-<\/strong><\/li>\n<li>Dlouh\u00e9 vlasy <strong>750,-<\/strong><\/li>\n<\/ul>\n<\/li>\n<li>St\u0159ih + foukan\u00e1 (komplet)\n<ul>\n<li>Kr\u00e1tk\u00e9 vlasy<strong> 58<\/strong><strong>0,-<\/strong><\/li>\n<li>Polodlouh\u00e9 vlasy <strong>750,-<\/strong><\/li>\n<li>Dlouh\u00e9 vlasy <strong>1000,-<\/strong><\/li>\n<\/ul>\n<\/li>\n<li>Barva + st\u0159ih (komplet)\n<ul>\n<li>Kr\u00e1tk\u00e9 vlasy<strong> 130<\/strong><strong>0,-<\/strong><\/li>\n<li>Polodlouh\u00e9 vlasy <strong>1650,-<\/strong><\/li>\n<li>Dlouh\u00e9 vlasy <strong>od 2300,- *<\/strong><\/li>\n<\/ul>\n<\/li>\n<li>Mel\u00edr + st\u0159ih (komplet)\n<ul>\n<li>Kr\u00e1tk\u00e9 vlasy<strong> 155<\/strong><strong>0,-<\/strong><\/li>\n<li>Polodlouh\u00e9 vlasy <strong>1950,-<\/strong><\/li>\n<li>Dlouh\u00e9 vlasy <strong>od 2500,- *<\/strong><\/li>\n<\/ul>\n<\/li>\n<li>Mel\u00edr + t\u00f3nov\u00e1n\u00ed (komplet)\n<ul>\n<li>Kr\u00e1tk\u00e9 vlasy<strong> 170<\/strong><strong>0,-<\/strong><\/li>\n<li>Polodlouh\u00e9 vlasy <strong>2100,-<\/strong><\/li>\n<li>Dlouh\u00e9 vlasy <strong>od 2650,- *<\/strong><\/li>\n<\/ul>\n<\/li>\n<li>Trval\u00e1 + st\u0159ih (komplet)\n<ul>\n<li>Kr\u00e1tk\u00e9 vlasy<strong> 110<\/strong><strong>0,-<\/strong><\/li>\n<li>Polodlouh\u00e9 vlasy <strong>1650,-<\/strong><\/li>\n<li>Dlouh\u00e9 vlasy <strong>2000,- *<\/strong><\/li>\n<\/ul>\n<\/li>\n<\/ol>\n<p><strong>*<\/strong> Takto ozna\u010den\u00e9 ceny u dlouh\u00fdch vlas\u016f jsou minim\u00e1ln\u00ed a mohou b\u00fdt vy\u0161\u0161\u00ed, a to dle skute\u010dn\u00e9 spot\u0159eby materi\u00e1lu.<\/p>\n<p>P\u00c1NSK\u00c9<\/p>\n<ol>\n<li>St\u0159ih KLASIK <strong>400,-<\/strong><\/li>\n<li>St\u0159ih (myt\u00ed, styling) <strong>550,-<\/strong><\/li>\n<li>St\u0159ih pouze strojkem <strong>300,-<\/strong><\/li>\n<li>\u00daprava vous\u016f <strong>200,-<\/strong><\/li>\n<\/ol>\n<p>D\u011aTI DO 12 LET<\/p>\n<ol>\n<li>St\u0159ih &#8211; d\u00edvky (myt\u00ed, f\u00e9n) <strong>580,-<\/strong><\/li>\n<li>St\u0159ih &#8211; chlapci <strong>380,-<\/strong><\/li>\n<\/ol>\n<p>VIZ\u00c1\u017dISTIKA &#8211; L\u00cd\u010cEN\u00cd<\/p>\n<ol>\n<li>Denn\u00ed po kosmetick\u00e9m o\u0161et\u0159en\u00ed\u00a0 <strong>200,-<\/strong><\/li>\n<li>Denn\u00ed\u00a0 <strong>350,-<\/strong><\/li>\n<li>Ve\u010dern\u00ed\u00a0 <strong>490,-<\/strong><\/li>\n<li>Svatebn\u00ed v\u010detn\u011b zkou\u0161ky\u00a0 <strong>990,-<\/strong><\/li>\n<\/ol>\n<p>O\u0160ET\u0158EN\u00cd OBLI\u010cEJE<\/p>\n<ol>\n<li>Kosmetick\u00e9 o\u0161et\u0159en\u00ed 60 min. <strong>850,-<\/strong><br \/>\nZahrnuje diagnostiku pleti, \u010di\u0161t\u011bn\u00ed, mas\u00e1\u017e, aplikaci masky a poradenstv\u00ed.<\/li>\n<li>Green peel 10 min. <strong>3.500,-<\/strong><\/li>\n<li>Green peel 5 min.\u00a0<strong>2500,-<\/strong><\/li>\n<li>Green peel 3 min. <strong>1.500,-<\/strong><\/li>\n<\/ol>\n<p>DEPILACE<\/p>\n<ol>\n<li>Drobn\u00e1 depilace <strong>120,-<\/strong><\/li>\n<li>L\u00fdtka <strong>400,-<\/strong><\/li>\n<li>Cel\u00e9 nohy <strong>800,-<\/strong><\/li>\n<li>Bikiny 4<strong>50,-<\/strong><\/li>\n<li>Ruce <strong>380,-<\/strong><\/li>\n<li>B\u0159icho <strong>220,-<\/strong><\/li>\n<\/ol>\n<p>PEDIK\u00daRA<\/p>\n<ol>\n<li>Pedik\u00fara SPA <strong>400,-<\/strong><\/li>\n<li>Klasick\u00e1 pedik\u00fara <strong>550,-<\/strong><\/li>\n<li>Lakov\u00e1n\u00ed\u00a0<strong>100,-<\/strong><\/li>\n<li>Pedik\u00fara + Shellac <strong>700,-<\/strong><\/li>\n<li>Odlakov\u00e1n\u00ed<strong> 50,-<\/strong><\/li>\n<\/ol>\n<p>BARVEN\u00cd<\/p>\n<ol>\n<li>\u0158asy <strong>220,-<\/strong><\/li>\n<li>Obo\u010d\u00ed <strong>220,-<\/strong><\/li>\n<li>\u0158asy a obo\u010d\u00ed <strong>390,-<\/strong><\/li>\n<\/ol>\n<p>MANIK\u00daRA<\/p>\n<ol>\n<li>Manik\u00fara standard <strong>390,-<\/strong><\/li>\n<li>P-shine <strong>400,-<\/strong><\/li>\n<li>Lakov\u00e1n\u00ed <strong>100,-<\/strong><\/li>\n<li>Paraf\u00ednov\u00fd z\u00e1bal rukou, nohou <strong>10<\/strong><strong>0,-<\/strong><\/li>\n<li>Shellac <strong>680,-<\/strong><\/li>\n<li>Odlakov\u00e1n\u00ed\u00a0<strong>50,-<\/strong><\/li>\n<\/ol>\n<p>O\u0160ET\u0158EN\u00cd IPL<br \/>\nTRVAL\u00c9 ODSTRAN\u011aN\u00cd CHLOUPK\u016e<\/p>\n<ol>\n<li>Horn\u00ed ret <strong>350,-<\/strong><\/li>\n<li>Podpa\u017e\u00ed <strong>650,-<\/strong><\/li>\n<li>Bikini linie <strong>700,-<\/strong><\/li>\n<li>Bikiny + \u010d\u00e1st stehen <strong>1500,-<\/strong><\/li>\n<\/ol>\n","protected":false},"excerpt":{"rendered":"<p>KADE\u0158NICTV\u00cd D\u00c1MSK\u00c9 Foukan\u00e1 Kr\u00e1tk\u00e9 vlasy 380,- Polodlouh\u00e9 vlasy 500,- Dlouh\u00e9 vlasy 750,- St\u0159ih + foukan\u00e1 (komplet) Kr\u00e1tk\u00e9 vlasy 580,- Polodlouh\u00e9 vlasy 750,- Dlouh\u00e9 vlasy 1000,- Barva + st\u0159ih (komplet) Kr\u00e1tk\u00e9[&#8230;]<\/p>\n","protected":false},"author":1,"featured_media":97,"parent":0,"menu_order":0,"comment_status":"closed","ping_status":"closed","template":"","meta":{"footnotes":""},"class_list":["post-14","page","type-page","status-publish","has-post-thumbnail","hentry"],"_links":{"self":[{"href":"https:\/\/www.bbsalon.cz\/index.php?rest_route=\/wp\/v2\/pages\/14","targetHints":{"allow":["GET"]}}],"collection":[{"href":"https:\/\/www.bbsalon.cz\/index.php?rest_route=\/wp\/v2\/pages"}],"about":[{"href":"https:\/\/www.bbsalon.cz\/index.php?rest_route=\/wp\/v2\/types\/page"}],"author":[{"embeddable":true,"href":"https:\/\/www.bbsalon.cz\/index.php?rest_route=\/wp\/v2\/users\/1"}],"replies":[{"embeddable":true,"href":"https:\/\/www.bbsalon.cz\/index.php?rest_route=%2Fwp%2Fv2%2Fcomments&post=14"}],"version-history":[{"count":18,"href":"https:\/\/www.bbsalon.cz\/index.php?rest_route=\/wp\/v2\/pages\/14\/revisions"}],"predecessor-version":[{"id":214,"href":"https:\/\/www.bbsalon.cz\/index.php?rest_route=\/wp\/v2\/pages\/14\/revisions\/214"}],"wp:featuredmedia":[{"embeddable":true,"href":"https:\/\/www.bbsalon.cz\/index.php?rest_route=\/wp\/v2\/media\/97"}],"wp:attachment":[{"href":"https:\/\/www.bbsalon.cz\/index.php?rest_route=%2Fwp%2Fv2%2Fmedia&parent=14"}],"curies":[{"name":"wp","href":"https:\/\/api.w.org\/{rel}","templated":true}]}}